ate x(-2).
-25
Let b(y) = -4*y**2 + 48*y + 22. What is b(16)?
-234
Let q(f) = -95*f - 1236. What is q(-13)?
-1
Let t(s) = s + 20. Give t(0).
20
Let k(q) = 2*q + 2. What is k(-2)?
-2
Let a(t) = 2*t - 5. Give a(5).
5
Let g(l) = 3*l**2 - 31*l - 16. Give g(11).
6
Let t(q) = 8*q**2 - 2*q - 21. What is t(-4)?
115
Let w(b) = -11*b**2 + 2*b - 1. Calculate w(1).
-10
Let k(l) = -l**2 + 30*l + 344. Determine k(39).
-7
Let b(q) = q**3 + q**2 - 2*q - 3. Give b(-1).
-1
Let o(j) = -j**2 + 23*j - 57. What is o(4)?
19
Let o(z) = -z + 6. What is o(23)?
-17
Let j(f) = f**3 + f**2 + f - 75. Calculate j(0).
-75
Let k(u) = 2*u**3 - 3*u + 3. Determine k(2).
13
Let l(i) = -40*i - 425. Determine l(-11).
15
Let w(s) = -30*s + 2. Calculate w(1).
-28
Let a(b) = -39*b + 77. Give a(2).
-1
Let t(k) = -k**3 - 16*k**2 - 12*k + 53. Give t(-15).
8
Let j(o) = o**3 + 10*o**2 + 17*o + 4. Determine j(-7).
32
Let a(g) = g**3 - 17*g**2 - 16*g - 17. Determine a(18).
19
Let p(m) = -45*m**2. Calculate p(-1).
-45
Let o(h) = -h**2 - 8*h - 21. Calculate o(-5).
-6
Let m(g) = g**3 - 9*g**2 - g - 3. Give m(9).
-12
Let r(k) = -k**3 - 4*k**2 + 19*k + 89. Determine r(-5).
19
Let y(w) = w**2 - 76. Determine y(9).
5
Let j(g) = -8*g + 5. Calculate j(-3).
29
Let y(z) = 3*z**2 - 20*z + 31. Give y(2).
3
Let g(x) = -x + 72. Determine g(29).
43
Let b(w) = w**2 - 3. Determine b(-7).
46
Let r(t) = t**3 + 6*t**2 + t - 4. Give r(-5).
16
Let g(p) = 3*p**2 + 206*p - 282. What is g(-70)?
-2
Let p(r) = -7*r**2 - 8*r - 4. Determine p(-4).
-84
Let j(l) = -21*l + 1294. What is j(62)?
-8
Let n(i) = i**2 + 8*i - 11. Determine n(-9).
-2
Let r(b) = 2*b**3 + 16*b**2 - 4*b - 2. Calculate r(-8).
30
Let l(b) = b**2 - 17*b + 27. Calculate l(16).
11
Let g(b) = -b**3 + 5*b**2 - 7*b + 6. Give g(4).
-6
Let g(l) = l**2 - l + 1. Calculate g(-5).
31
Let f(z) = z**3 + 7*z**2 + 10*z - 4. Give f(-5).
-4
Let a(v) = v**2 - 9*v + 3. What is a(8)?
-5
Let x(z) = -z**2 + 13*z - 21. Give x(9).
15
Let g(j) = j**2 - 11*j + 6. Calculate g(7).
-22
Let k(f) = 2*f - 8. Determine k(4).
0
Let u(a) = 31*a + 2. Determine u(1).
33
Let r(f) = -7*f - 17. Calculate r(6).
-59
Let f(l) = -3*l**2 + 2*l. Determine f(-2).
-16
Let m(q) = -q**3 + 23*q**2 + q - 27. Calculate m(23).
-4
Let k(p) = 22*p + 1. Determine k(6).
133
Let x(k) = k - 16. Give x(18).
2
Let v(n) = -n**3 - 4*n**2 + 36*n + 135. Calculate v(-6).
-9
Let s(w) = -w - 12. What is s(-6)?
-6
Let i(w) = w**3 + 9*w**2 - 2*w - 5. Calculate i(-9).
13
Let g(t) = t**3 - 6*t**2 + 1. Give g(6).
1
Let u(n) = -2*n + 9. Calculate u(4).
1
Let a(f) = f**2 - 24*f. Calculate a(24).
0
Let b(t) = t**2 - 16*t - 6. What is b(7)?
-69
Let c(n) = n**2 - 11*n + 8. Calculate c(3).
-16
Let k(v) = -4*v - 14. Determine k(-3).
-2
Let c(j) = j**2 + 2*j + 70. Calculate c(0).
70
Let d(k) = -k**3 + 4*k**2 + k + 61. Calculate d(6).
-5
Let u(j) = -j**2 - 11*j - 15. Determine u(-11).
-15
Let v(h) = -h**2 - 9*h - 10. Give v(-6).
8
Let t(q) = -30*q + 571. What is t(19)?
1
Let j(v) = -v**3 - 5*v**2 + 7*v - 1. Give j(-5).
-36
Let s(o) = -11*o - 4. Give s(4).
-48
Let q(n) = 2*n**2 + 9*n + 4. Determine q(-7).
39
Let r(q) = -q - 7. Calculate r(0).
-7
Let l(j) = j**3 - 3*j**2 - 6*j + 2. What is l(4)?
-6
Let s(i) = 12*i + 24. Determine s(-6).
-48
Let r(c) = 2*c**2 - 34*c - 107. Determine r(-3).
13
Let m(n) = 2*n**2 + n - 19. Give m(0).
-19
Let w(l) = -l**3 - 6*l**2 + 11. What is w(-6)?
11
Let o(b) = -b**3 - 7*b**2 + 5*b - 9. Calculate o(-8).
15
Let q(p) = -p**3 + 4*p**2 - 13. What is q(4)?
-13
Let i(q) = -23*q**2 - q + 1. What is i(-1)?
-21
Let w(d) = d**3 + 5*d**2 - 3*d + 1. Give w(-6).
-17
Let x(f) = f**2 - f + 10. Give x(0).
10
Let x(i) = 5*i**2 + 94*i - 22. What is x(-19)?
-3
Let v(a) = a**2 - 6*a + 9. Determine v(5).
4
Let v(f) = -12*f + 51. What is v(5)?
-9
Let h(d) = -4*d**3 - 2*d**2 + d - 2. What is h(-2)?
20
Let r(n) = -n**2 - 15*n - 57. Calculate r(-9).
-3
Let p(d) = -d**3 - 7*d**2 + 5*d - 8. Determine p(-8).
16
Let q(h) = -h**2 + 13*h - 7. Give q(12).
5
Let b(k) = 8*k - 37. What is b(4)?
-5
Let t(r) = 9*r + 1. Calculate t(-1).
-8
Let q(s) = s**3 - 12*s**2 - 12*s + 6. Give q(13).
19
Let x(m) = 2*m**2 + 20*m + 25. Give x(-8).
-7
Let q(f) = -f**2 - 5*f - 6. Give q(-4).
-2
Let k(y) = -4*y + 3. Determine k(10).
-37
Let f(u) = -2*u**2 + 4*u - 5. Calculate f(-1).
-11
Let i(t) = t**2 + 6*t + 1. What is i(-2)?
-7
Let j(s) = -s + 18. What is j(12)?
6
Let b(g) = 4*g - 66. Determine b(15).
-6
Let x(m) = 2*m**2 + 20. Determine x(-4).
52
Let p(w) = -2*w + 27. What is p(20)?
-13
Let h(o) = -21*o - 5. Calculate h(-1).
16
Let i(n) = 2*n**2 - 7*n - 3. Give i(-4).
57
Let k(n) = 3*n**2 - n - 2. Determine k(-5).
78
Let n(a) = -a**2 - 6*a + 25. What is n(-8)?
9
Let d(l) = -5*l + 13. Calculate d(8).
-27
Let w(d) = -d**2 - 14*d - 13. What is w(-13)?
0
Let o(p) = 28*p**2 - 2*p + 1. Calculate o(1).
27
Let r(q) = q**3 - 12*q**2 + 13*q + 19. Give r(11).
41
Let x(w) = 3*w + 10. Give x(-7).
-11
Let s(v) = -v**3 + 2*v**2 + 22*v - 6. Give s(-4).
2
Let s(y) = -y**3 + 11*y**2 + 9*y + 21. Calculate s(12).
-15
Let f(o) = o**2 - 5*o + 7. What is f(8)?
31
Let k(i) = i**2 - 12*i + 7. Determine k(6).
-29
Let z(v) = -9*v + 207. What is z(24)?
-9
Let i(k) = 4*k**3 - k**2 + k + 1. Give i(2).
31
Let d(s) = -6*s - 163. Calculate d(-27).
-1
Let g(j) = j**3 + 4*j**2 - 4*j + 15. Calculate g(-5).
10
Let n(q) = 2*q**2 + 13*q - 9. What is n(-6)?
-15
Let z(h) = 3*h + 15. Calculate z(-5).
0
Let d(x) = 4*x + 38. Determine d(-11).
-6
Let a(v) = 10*v + 11. Calculate a(-1).
1
Let m(q) = q**3 + 7*q**2 + 8*q + 2. What is m(-6)?
-10
Let w(p) = p**3 + 2*p**2 + p - 4. What is w(3)?
44
Let s(l) = -3*l**2 + 51*l - 92. Calculate s(15).
-2
Let z(p) = p**2 + 6*p - 11. Determine z(-7).
-4
Let v(j) = -j**2 - 32*j - 64. Calculate v(-30).
-4
Let f(w) = 9*w + 64. Give f(-7).
1
Let s(i) = -i**2 - 8*i + 13. Determine s(-10).
-7
Let s(z) = -5*z**2 - 3*z + 2. Determine s(-2).
-12
Let f(d) = d**2 - 12*d - 13. Determine f(13).
0
Let q(a) = 15*a - 1. What is q(-1)?
-16
Let t(g) = 27*g - 1. Determine t(1).
26
Let m(r) = 23*r + 10. Give m(-5).
-105
Let a(i) = 16*i - 2. Determine a(2).
30
Let q(o) = 3*o - 7. Calculate q(-5).
-22
Let h(y) = -y**3 + 3*y**2 + 5*y + 11. What is h(5)?
-14
Let q(p) = p**3 - 46*p**2 + 49*p - 177. Give q(45).
3
Let g(x) = -3*x**2 - 4. Determine g(4).
-52
Let k(p) = -p**2 - 10*p + 117. What is k(-17)?
-2
Let b(i) = -2*i**2 + 3*i - 11. Determine b(-4).
-55
Let q(t) = 5*t + 55. Determine q(-11).
0
Let a(y) = -y + 23. Calculate a(15).
8
Let z(m) = 9*m - 60. Give z(5).
-15
Let p(f) = f**2 - 24*f - 57. What is p(-2)?
-5
Let l(u) = 15*u**2 - u - 1. Give l(-2).
61
Let u(l) = l**2 - 11*l - 1. Determine u(11).
-1
Let n(w) = -w + 19. Give n(11).
8
Let l(b) = 2*b. Determine l(-2).
-4
Let d(w) = -3*w**2 + 5*w + 1. Determine d(3).
-11
Let n(o) = o**3 - o**2 - 3*o + 1. Calculate n(-3).
-26
Let h(s) = 2*s**3 - 3*s**2 + 6*s - 8. Determine h(4).
96
Let b(k) = k**3 + 11*k**2 - 13*k + 11. Determine b(-12).
23
Let t(i) = i**3 + 17*i**2 - i - 23. Give t(-17).
-6
Let p(f) = -12*f**2 - 146*f - 21. Give p(-12).
3
Let z(o) = o + 11. What is z(-12)?
-1
Let p(j) = -j**3 + 9*j**2 - 10*j + 17. Calculate p(8).
1
Let h(z) = -2*z**2 - 10*z - 16. What is h(-4)?
-8
Let w(s) = 2*s + 20. Give w(-10).
0
Let w(n) = -n**3 - 11*n**2 - 11*n - 7. Determine w(-10).
3
Let n(x) = -x**2 + 25*x - 83. What is n(21)?
1
Let g(q) = q**2 + 8*q + 11. Give g(-7).
4
Let a(z) = z**3 + 5*z**2 - 7*z - 10. Calculate a(-6).
-4
Let g(w) = -22*w**3 - 1. Calculate g(-1).
21
Let q(n) = n - 6. Give q(8).
2
Let b(h) = -18*h + 191. Calculate b(10).
11
Let g(d) = -10*d + 60. Calculate g(6).
0
Let z(g) = 12*g + 12. Give z(-8).
-84
Let c(z) = 16*z. What is c(3)?
48
Let r(k) = -k**3 + 5*k**2 + 6*k - 12. Give r(7).
-68
Let n(x) = -15*x - 10. What is n(0)?
-10
Let b(k) = -k**3 - 4*k**2 + 18*k - 14. Give b(-7).
7
Let x(v) = v**3 - 10*v**2 + 8*v + 10. What is x(9)?
1
Let i(d) = -d**3 - 19*d**2 + d + 11. Calculate i(-19).
-8
Let s(l) = 2*l**3 - 4*l**2 + 3*l - 4. What is s(3)?
23
Let j(u) = -20*u**2 - 161*u + 4. Give j(-8).
12
Let s(w) = 7*w**3 - 1. Calculate s(-1).
-8
Let g(i) = -i**2 - 9*i + 25. Determine g(0).
25
Let o(q) = -q**2 - 31*q - 3. Give o(-27).
105
Let g(b) = b**3 + 5*b**2 - b + 3. Give g(-5).
8
Let c(b) = -b**2 - 13*b - 11. Determine c(-10).
19